 151. Let r = 253 - j. What is the units digit of r?
6
What is the ten thousands digit of (-26107447)/(-1963) - (-6)/26?
1
Let g(q) = 90*q**2 - 14*q - 4. Suppose 7*r + 26 = 5. Let s be g(r). Let j = s + -597. What is the units digit of j?
1
Let m be (-444)/814 - 6/(-11). What is the tens digit of 2344/24*(m + 6)?
8
Let u(q) = 94*q - 129. Let d be u(-23). Let p = -1235 - d. What is the hundreds digit of p?
0
Let l be (10612/(-44) + 2/11)*-1. Suppose -l = -4*q + 375. Let g = q + -66. What is the units digit of g?
8
What is the thousands digit of ((-6)/7)/((-123470)/(-20580) + -6)?
1
Let d be 251 + -21 + (1 + 1)*-2. Let q = d - -429. What is the tens digit of q?
5
Suppose -149*f = -447*f + 5431646. What is the thousands digit of f?
8
Suppose b - 45181 = 3*x, 19*b = -3*x + 366958 + 491061. What is the thousands digit of b?
5
Suppose 8*y - 95 = 97. Suppose -5*i = -16 - y. Suppose -i*r + 38 = 6. What is the units digit of r?
4
Let m = -6099 - -9146. What is the hundreds digit of m?
0
Let r(d) = d**3 + 15*d**2 - 18*d + 110. What is the tens digit of r(-15)?
8
Let t = -101 - -131. Suppose p - 206 + t = 0. What is the tens digit of p?
7
Let n(r) = -6*r + 22. Let m(a) = 17*a - 66. Let x(l) = -3*m(l) - 8*n(l). Let v be x(9). What is the tens digit of (v/8 + 3/24)*-86?
4
Let w(q) = -10*q**3 + 14*q**2 + 12*q + 195. What is the thousands digit of w(-9)?
8
Suppose r + 46492 = 4*f, -f + 5750 + 5852 = 5*r. What is the tens digit of f?
2
Suppose 6*a = 2*a - 4*c + 2348, -c - 2323 = -4*a. Let z = 828 - a. What is the units digit of z?
6
Let f be (5*6/(-10)*1)/(-1). Suppose -3*u + 2*c + 729 = -f*c, 4*u - 1004 = -4*c. What is the units digit of u?
8
Let j(c) = c**2 - 6*c - 28. Suppose 56 = 2*k + 3*u, -3*k + 52 = -3*u - 2. What is the units digit of j(k)?
4
Let x(t) = -t**3 - 18*t**2 - 35*t - 31. Let l be (340/30 - 5)*(0 - 3). What is the tens digit of x(l)?
9
Let o = 16 - 14. Let g be o + 4 - (-4 + 5). Suppose -108 = -g*b + 267. What is the tens digit of b?
7
Let r(q) = -14*q - 8. Let p(v) = -42*v - 25. Let y(j) = 4*p(j) - 14*r(j). Suppose 4*m + 238 = 246. What is the tens digit of y(m)?
6
Let c(r) = 41*r**2 - 57*r + 27. What is the thousands digit of c(6)?
1
Let a = -100 + 102. Suppose a*s + 143 = w, -2*w = 2*w + 3*s - 616. What is the units digit of w?
1
Suppose 550 = -4*g + 3*g - 3*d, 4*g + 2193 = -5*d. Let w = g + 1145. What is the hundreds digit of w?
5
Let u(h) = -8 + 2 + 103*h + 105*h - 6. Let v be u(9). Suppose 7*y - v = -3*y. What is the tens digit of y?
8
What is the hundreds digit of (-2)/(-4)*6*(-9 + 292009/51)?
1
Suppose -31*u + 30*u = 6. What is the units digit of ((-878)/3)/(2/u)?
8
Let b = 16157 + 3730. What is the hundreds digit of b?
8
Let i = -3464 + 12451. What is the units digit of i?
7
Let f(v) = -v**3 + 2*v**2 + 9*v. Let w be f(4). What is the tens digit of (w + -390)*(-3)/6?
9
Let z(t) = -t**3 + 20*t**2 - 18*t - 1. Let m be z(19). Suppose -4*b = 0, -21*b + m*b = -2*o + 1948. What is the tens digit of o?
7
Let x be 5/(-30) - (-627)/(-18). Let p be (-1398)/(-34) - 6/51. Let f = p + x. What is the units digit of f?
6
Suppose 4*c + 4670 = 20502. Suppose -11*j + 5205 = -c. What is the units digit of j?
3
Let k = 99 - 82. Suppose -k*h = -68 + 17. Suppose 4*f - h*g - 171 = f, 273 = 5*f - 2*g. What is the tens digit of f?
5
Let i(g) = -g**3 - 15*g**2 - 17*g - 28. Let a be i(-14). Suppose -2*h + 1 = -q, -h - 4*q + a = -0*q. What is the tens digit of (-728)/2*(-1)/h?
8
Let y = 32 + -30. Let o(j) = -5*j**2 - 8*j + 5*j**y + 22 - j**2 - 14*j. What is the units digit of o(-16)?
8
Suppose 44*a = 28*a + 96814 + 110674. What is the ten thousands digit of a?
1
Let j be (1/4 + 2)*24. Let h = j - 60. What is the units digit of (-786)/(-9) + h/(-9)?
8
Suppose 8*p = 1025 + 26783. Suppose 0 = -4*c, 5*c - p = -4*t + 6*c. What is the hundreds digit of t?
8
Let b = -58 + 103. Let o be (24/5)/(b/(-600)). Let y = o - -116. What is the units digit of y?
2
Suppose -u = 33*m - 29*m - 237103, -m + 4*u = -59280. What is the ten thousands digit of m?
5
Suppose -90*h - 1001559 = -3687969. What is the tens digit of h?
4
Let q(f) = -f - 1. Let u(v) = 7*v + 24. Let o(d) = -4*q(d) - u(d). Let j be o(-8). Suppose -j*h - 110 = -394. What is the tens digit of h?
7
Let x(v) be the third derivative of -17*v**4/24 - 11*v**3/2 - 23*v**2 + 1. What is the tens digit of x(-25)?
9
Let j(v) = -108*v - 194. Suppose 4*p + 32 - 4 = 5*h, 3*h + 7 = -p. What is the hundreds digit of j(p)?
5
Suppose -4*v = -2*d - 35071 + 7901, -2*v + 13575 = d. What is the units digit of v?
0
Let k(j) = 15891*j - 1034. What is the ten thousands digit of k(1)?
1
Suppose -3529 = -z - 3*r, -r - 9503 = -4*z + 4626. What is the thousands digit of z?
3
Let z = -4840 + 6456. What is the hundreds digit of z?
6
Let a(i) be the first derivative of 2*i**3 - i**2 + 2*i - 9. Let j be a(1). Let r(l) = 12*l + 49. What is the tens digit of r(j)?
2
Suppose -2*w - 81 = 13. Let o = 181 + w. What is the units digit of o?
4
What is the tens digit of -8 + 11 - (-3038 - -5)?
3
Suppose 4*q - 4*h - 604 = 0, 9*h - 756 = -5*q + 13*h. Let y(k) = -2*k + 3. Let z be y(12). Let m = q - z. What is the hundreds digit of m?
1
Let m = -11416 - -14304. What is the units digit of m?
8
Suppose -3*j + 1551 = -267. Suppose -3*r + 447 = -j. Suppose -r = -5*c + s - 0*s, -s = -2*c + 141. What is the units digit of c?
0
Suppose -5*w = 5*s - 8*s - 24202, 4*s + 4820 = w. What is the thousands digit of w?
4
Let k be (-5*12/50)/((-4)/10). Suppose -k*o + 707 = -136. What is the tens digit of o?
8
Let c(d) = -419*d - 446. What is the thousands digit of c(-13)?
5
Let j(g) = g**3 - 19*g**2 + 15*g - 20. Let s be j(18). Let b = 78 + s. Suppose 5*q = -5*f + 6*f - 159, 0 = -b*f - 3*q + 567. What is the tens digit of f?
4
Suppose -40*v = -39*v - 224. What is the tens digit of (-56)/v + 3065/4?
6
Let g(n) = 30*n**3 - 6*n**2 + 27*n - 33. What is the hundreds digit of g(4)?
8
Let z(y) = -8*y + 4. Let x be z(0). Let g be x + (16/(-10) - 2/5). Suppose -4*t + 432 = g*o, 2*o + 2*o - 5*t - 929 = 0. What is the units digit of o?
6
Let q(a) = 6624*a + 1876. What is the hundreds digit of q(5)?
9
Suppose o + 5*g + 397 = 2*g, 0 = -4*o + 2*g - 1560. Let j = 431 + o. What is the tens digit of j?
4
Let h = 284 - 28. Suppose 10*j = 13614 + h. What is the thousands digit of j?
1
Let n(y) = y**2 - 22*y + 2605. What is the ten thousands digit of n(119)?
1
What is the hundreds digit of (-1365)/30*1204/(-98)?
5
Let x = 2660 - 2575. What is the units digit of x?
5
Let y(w) = 2*w**2 + 26*w + 5. Let o be y(-13). Suppose 123 = s + o*j - 44, -5*s = -5*j - 775. What is the hundreds digit of s?
1
Let h = 2577 + 764. What is the units digit of h?
1
Let o(x) = -16*x**3 - 4*x + 2. Let r be o(2). Let s be r/(-5) - (-1)/5. Suppose 3*a - 143 = -4*w, -9 = -a + w + s. What is the tens digit of a?
4
Suppose -w = p - 676, -2710 = 30*w - 34*w + 2*p. Let n = w + -290. What is the hundreds digit of n?
3
What is the units digit of ((-1)/(-7))/(((-840)/(-2013459))/40)?
7
Let n = -18 + 25. Suppose n*s = 4*s - 426. Let d = s - -227. What is the tens digit of d?
8
Let v(r) = 2*r**2 + 2*r + 13. Let b(d) = -11*d + 87. Let g be b(7). What is the hundreds digit of v(g)?
2
Let x(z) = -2*z**2 + 65*z + 70. Let p be x(40). Let y(r) = -17*r**2 + 7*r + 5. Let w be y(-4). Let u = w - p. What is the units digit of u?
5
Let n(x) = 269*x**2 + 12*x + 7. Let s be n(5). Suppose -420*f + 432*f = s. What is the hundreds digit of f?
5
Let h be (2 - 14/4)*(-171248)/84. Suppose 3*o = -12, h = 5*z + 3*o - 2415. What is the thousands digit of z?
1
Let i(k) = -k**2 - 3*k + 4. Let r be i(-4). Let n be -17 - -15 - (r - 33). Let p = -18 + n. What is the units digit of p?
3
Let z(r) = 196*r - 1053. What is the units digit of z(26)?
3
Let n(i) = 111*i - 1425. Let q be n(13). Suppose -4*l + 24 = -6*l. What is the units digit of (-85)/(-3) - l/q?
9
Let i = -13 - 20. Let u = 31 + i. Let t(h) = -5*h**3 + h**2 + h + 2. What is the tens digit of t(u)?
4
Let w = -628 + 607. What is the tens digit of 42/w*4/((-8)/1234)?
3
Suppose 2*r = 262 + 754. Suppose 0 = -69*v + 65*v + r. Let a = v - 6. What is the hundreds digit of a?
1
Suppose -76608 = -4*v - m - 4055, -2*v + 36281 = 5*m. What is the ten thousands digit of v?
1
Suppose 0 = 2*y - 3 - 85. Let w 